3
Convert -5406 (base 14) to base 11.
-a9a1
Convert -1427205 (base 8) to base 13.
-112526
What is 3656 (base 11) in base 14?
1a56
-114535332 (base 6) to base 5
-1030041102
253045 (base 7) to base 2
1011011001011001
Convert -11d641 (base 14) to base 9.
-1134062
What is 375a1 (base 15) in base 3?
22222111021
71ac4 (base 13) to base 4
301303012
Convert -2102cbb (base 13) to base 4.
-212101011333
54544141 (base 6) to base 3
10001212201021
What is ee1a9 (base 16) in base 15?
143e83
Convert -17b08 (base 13) to base 9.
-68746
What is 61167 (base 9) in base 12?
1b351
-1300203300 (base 4) to base 3
-212102102120
What is 198640 (base 11) in base 2?
1001010010001101110
Convert 63cc5 (base 13) to base 16.
2bfb2
-203313443 (base 6) to base 4
-31130200203
What is 160a16 (base 11) in base 6?
5205552
Convert -33274 (base 13) to base 16.
-16a23
-31a44 (base 11) to base 2
-1011010110110000
530b5 (base 16) to base 11
212617
Convert 251155 (base 12) to base 3.
1010122112202
Convert 11430 (base 8) to base 12.
29b4
What is 281254 (base 13) in base 6?
32511434
What is 52432254 (base 6) in base 2?
101110101001011001010
What is 2023030012 (base 4) in base 3?
1001222001111
-1a515 (base 16) to base 3
-12110212111
311420231 (base 5) to base 9
2360051
-32928 (base 11) to base 10
-47704
-70040 (base 8) to base 13
-100b0
Convert -6030435 (base 7) to base 12.
-2a4973
What is 82854 (base 10) in base 4?
110032212
-16a610 (base 12) to base 13
-109200
Convert -942696 (base 12) to base 3.
-11101012212020
-31411242 (base 6) to base 11
-578657
3504001 (base 8) to base 9
1711304
Convert -201011221 (base 3) to base 16.
-36a0
What is 1a8702 (base 14) in base 8?
3466236
516783 (base 11) to base 9
1502831
6adc1c (base 16) to base 12
2418910
-11110100100001100 (base 2) to base 15
-27166
Convert -19a17 (base 14) to base 4.
-33321011
What is -30221022 (base 4) in base 2?
-1100101001001010
-1000100100010000110110001 (base 2) to base 9
-36722014
-1110100111000100101 (base 2) to base 11
-2a7774
What is 2d269 (base 14) in base 12?
55479
-10001101001111111001 (base 2) to base 6
-20222253
Convert 59874 (base 10) to base 9.
101116
479914 (base 13) to base 15
23a90a
What is 2110122011120 (base 3) in base 11?
816469
What is -213221 (base 9) in base 14?
-34415
Convert 25241 (base 8) to base 16.
2aa1
-3321133 (base 4) to base 7
-64360
What is 50997 (base 16) in base 5?
41031020
Convert 958000 (base 10) to base 15.
13dcba
What is -200200100212010 (base 3) in base 8?
-45675371
What is 8863db (base 16) in base 6?
515325431
202120020112 (base 3) to base 6
12401535
Convert -5912a1 (base 12) to base 14.
-2942b7
What is 665241 (base 8) in base 15?
46520
11a38 (base 13) to base 4
13323233
Convert 13131021123 (base 4) to base 3.
10200021221000
Convert 13034223 (base 5) to base 7.
1040353
-14687 (base 12) to base 13
-10042
Convert 486207 (base 9) to base 14.
78c0b
6a04c (base 13) to base 11
122339
-211020000212 (base 3) to base 15
-89918
What is -14341674 (base 9) in base 14?
-d324c6
What is 6428171 (base 9) in base 6?
201452101
Convert 86ce1 (base 16) to base 7.
4456541
Convert -33431622 (base 7) to base 2.
-1011000011101011100100
What is 22231100333 (base 4) in base 14?
530c91
Convert -26cc50 (base 14) to base 5.
-320411434
-1101231403 (base 5) to base 13
-64b92c
What is 1000111000100111001 (base 2) in base 14?
7814d
Convert -a8a5 (base 11) to base 5.
-430033
Convert 20111010221 (base 3) to base 10.
127681
-542a5 (base 11) to base 5
-10011021
-1044264 (base 8) to base 2
-1000100100010110100
-27729 (base 11) to base 8
-115065
Convert -b91b7 (base 15) to base 6.
-20332331
What is 433535 (base 13) in base 8?
6012537
101100101110110011 (base 2) to base 16
2cbb3
Convert 9a79 (base 16) to base 8.
115171
Convert 334500014 (base 6) to base 3.
102111010100101
Convert 32023302 (base 4) to base 12.
29756
Convert 5273a (base 13) to base 3.
21112121110
What is 22554 (base 6) in base 10?
3238
15b79 (base 15) to base 4
101013021
Convert -1248813 (base 9) to base 2.
-10100110100100100011
Convert -26553357 (base 8) to base 12.
-1bb1213
111110110110111000101 (base 2) to base 7
23336002
What is -60451 (base 8) in base 10?
-24873
Convert 423113441 (base 5) to base 16.
1b018f
Convert 7968b (base 15) to base 3.
201121210212
What is -ece8 (base 15) in base 7?
-266156
9469 (base 10) to base 13
4405
-102012001022 (base 3) to base 6
-4415225
-200231302 (base 4) to base 8
-405562
Convert 11111111202 (base 3) to base 16.
15a04
What is -10a834 (base 12) in base 14?
-6d5b2
What is -11321130220 (base 4) in base 14?
-2c35c4
What is 143ed (base 15) in base 9?
108167
-3000203212 (base 4) to base 8
-3004346
Convert 73792 (base 11) to base 2.
11010001110100100
Convert 1322110 (base 6) to base 4.
101311122
Convert -3ac6b (base 15) to base 2.
-101110000000001010
-449080 (base 13) to base 8
-6132535
Convert -1b7972 (base 15) to base 5.
-320421012
3065133 (base 7) to base 6
11524553
Convert -3bca5 (base 15) to base 8.
-566557
What is -97448 (base 12) in base 8?
-605270
Convert 27a95 (base 15) to base 8.
370441
What is 3cb85 (base 14) in base 3?
21122101012
What is 10130241 (base 5) in base 3?
11020010100
What is -150820 (base 13) in base 7?
-4244563
Convert 6bc073 (base 15) to base 10.
5153733
Convert -20210103021 (base 4) to base 12.
-903809
Convert 7273984 (base 11) to base 6.
1135001202
3ba4b (base 16) to base 2
111011101001001011
-72405 (base 14) to base 4
-1003023311
21403202 (base 5) to base 2
101101000111100010
-11202140 (base 5) to base 15
-1eab5
What is -32436003 (base 7) in base 16?
-2a74d3
Convert 1828045 (base 9) to base 15.
1530d8
What is 60121342 (base 7) in base 3?
100100011111011
What is -110111001000001111 (base 2) in base 5?
-24211212
What is -134876 (base 12) in base 11?
-1a88a7
398611 (base 10) to base 5
100223421
What is -1343224104 (base 5) in base 15?
-48ebbe
What is -16b606 (base 13) in base 15?
-b33b6
Convert -55712 (base 11) to base 9.
-132648
756a15 (base 11) to base 15
18d6b9
What is 1321633 (base 10) in base 7?
14143105
Convert bcc9d8 (base 14) to base 11.
368a425
10001011000010100 (base 2) to base 9
117577
What is -20021001102 (base 3) in base 9?
-207042
Convert -3b97a (base 16) to base 15.
-4c4ca
1101111011100101111010 (base 2) to base 8
15734572
11001100111101001010 (base 2) to base 8
3147512
Convert -3a3b0b6 (base 12) to base 13.
-2507ca6
What is -24778 (base 13) in base 16?
-10678
Convert -11011000110100101 (base 2) to base 12.
-542b1
-51598 (base 10) to base 16
-c98e
What is 676c05 (base 13) in base 2?
1001010100011010010100
35202455 (base 6) to base 9
2040148
What is 332223113 (base 4) in base 12?
10469b
-2211999 (base 11) to base 7
-44666634
Convert 459b54 (base 13) to base 11.
a27478
Convert -41358 (base 13) to base 11.
-7aa13
-157511 (base 9) to base 2
-10111110001011100
What is dec4 (base 16) in base 9?
86204
3026467 (base 11) to base 10
5352508
What is 565244 (base 9) in base 10?
338458
What is -47c11 (base 14) in base 6?
-3431143
Convert -15615 (base 8) to base 9.
-10606
2230330101 (base 4) to base 5
140131434
What is 2a463 (base 11) in base 14?
11a1b
1523868 (base 12) to base 7
51235253
What is -139435b (base 14) in base 9?
-18780076
What is -687306 (base 10) in base 11?
-42a424
What is -f5c0 (base 16) in base 12?
-304a8
Convert -21132221203 (base 4) to base 9.
-4606487
What is -164137 (base 12) in base 3?
-201022201221
Convert -69231 (base 12) to base 3.
-21010110001
12201000222 (base 3) to base 8
333244
-300214101 (base 6) to base 7
-60660160
-1000011111011100100101 (base 2) to base 12
-8b4205
What is 101000010000001000101 (base 2) in base 10?
1318981
Convert -2085289 (base 10) to base 7.
-23503363
Convert -4072 (base 12) to base 3.
-100121012
Convert 45042301 (base 6) to base 13.
3875c2
Convert -360155 (base 9) to base 15.
-442ce
What is -21122022221 (base 3) in base 14?
-3cb5d
Convert 2130204 (base 5) to base 10.
36304
Convert -362803 (base 9) to base 4.
-311113332
Convert 62565 (base 7) to base 5.
443014
110101111100001101 (base 2) to base 6
4422513
431243 (base 6) to base 14
cc1d
Convert -1802b9 (base 12) to base 8.
-1452655
-411531120 (base 6) to base 11
-4001427
Convert -2504323 (base 6) to base 7.
-1063164
-11220102110201 (base 3) to base 2
-1001111100010110110110
Convert 1002543 (base 8) to